{"id":125,"date":"2024-01-29T14:34:05","date_gmt":"2024-01-29T14:34:05","guid":{"rendered":"https:\/\/buciorek.pl\/?page_id=125"},"modified":"2025-03-07T16:52:36","modified_gmt":"2025-03-07T16:52:36","slug":"aplikacja","status":"publish","type":"page","link":"https:\/\/buciorek.pl\/index.php\/aplikacja\/","title":{"rendered":"Aplikacja BUCIOREK"},"content":{"rendered":"\n<h3 class=\"wp-block-heading has-pale-pink-color has-text-color has-link-color wp-elements-aee39bff3fc5bcfae8dc22b559d1dfa1\"><strong>APLIKACJA BUCIOREK<\/strong><\/h3>\n\n\n<div class=\"wp-block-image\">\n<figure class=\"aligncenter size-large is-resized\"><img loading=\"lazy\" decoding=\"async\" width=\"1024\" height=\"389\" src=\"https:\/\/buciorek.pl\/wp-content\/uploads\/2024\/02\/Kopia-Kopia-Kopia-NAJWYZSZA-JAKOSC-1024x389.jpg\" alt=\"\" class=\"wp-image-141\" style=\"width:485px;height:auto\" srcset=\"https:\/\/buciorek.pl\/wp-content\/uploads\/2024\/02\/Kopia-Kopia-Kopia-NAJWYZSZA-JAKOSC-1024x389.jpg 1024w, https:\/\/buciorek.pl\/wp-content\/uploads\/2024\/02\/Kopia-Kopia-Kopia-NAJWYZSZA-JAKOSC-300x114.jpg 300w, https:\/\/buciorek.pl\/wp-content\/uploads\/2024\/02\/Kopia-Kopia-Kopia-NAJWYZSZA-JAKOSC-768x292.jpg 768w, https:\/\/buciorek.pl\/wp-content\/uploads\/2024\/02\/Kopia-Kopia-Kopia-NAJWYZSZA-JAKOSC.jpg 1182w\" sizes=\"auto, (max-width: 1024px) 100vw, 1024px\" \/><\/figure>\n<\/div>\n\n\n<p><\/p>\n\n\n\n<h3 class=\"wp-block-heading has-pale-pink-color has-text-color has-link-color wp-elements-511808c4d06c0747b1c968cba6a35d32\"><strong>Pobierz nasz\u0105 aplikacj\u0119, zbieraj punkty i wymieniaj na rabaty i nagrody !<\/strong><\/h3>\n\n\n\n<p class=\"has-vivid-cyan-blue-color has-text-color has-link-color wp-elements-83f9686570a8209521998e30ad7e6598\"><strong>1. Pobierz aplikacj\u0119:<\/strong><\/p>\n\n\n\n<p class=\"has-vivid-cyan-blue-color has-text-color has-link-color wp-elements-7f9ca9070c0470d587441c9c926f6f23\">&nbsp; &nbsp; &#8211; App Store:&nbsp;<\/p>\n\n\n\n<p class=\"has-pale-pink-color has-text-color has-link-color wp-elements-8ef2bfea209d53a45c724f3e82a55ce1\"><a href=\"https:\/\/apps.apple.com\/app\/id1609101170\" target=\"_blank\" rel=\"noreferrer noopener\">Aplikacja BUCIOREK na App Store<\/a><\/p>\n\n\n\n<p class=\"has-vivid-cyan-blue-color has-text-color has-link-color wp-elements-acb41a66ead26304db47ce0a5202f303\">&nbsp; &nbsp; &#8211; Sklep Google:<\/p>\n\n\n\n<p class=\"has-pale-pink-color has-text-color has-link-color wp-elements-bf1b0d805257dc341401594790ee37bd\"><a href=\"https:\/\/play.google.com\/store\/apps\/details?id=pl.loyaltyclub.buciorekpl\" target=\"_blank\" rel=\"noreferrer noopener\">Aplikacja BUCIOREK w Sklep Google<\/a><\/p>\n\n\n\n<p class=\"has-vivid-cyan-blue-color has-text-color has-link-color wp-elements-7dd051c3e0bd843a0265990c76e040a0\"><strong>2. Zarejestruj si\u0119.<\/strong><\/p>\n\n\n\n<p class=\"has-vivid-cyan-blue-color has-text-color has-link-color wp-elements-66afdfa6776667f70d2bccc1b441293a\"><strong>3. Zbieraj punkty za ka\u017cdy zakup.<\/strong><\/p>\n\n\n\n<p class=\"has-vivid-cyan-blue-color has-text-color has-link-color wp-elements-2e12521a7f2ee201fb30799879655cf5\"><strong>4. Wymieniaj punkty na nagrody i kupony rabatowe na kolejne zakupy.<\/strong><\/p>\n\n\n<div class=\"wp-block-image\">\n<figure class=\"aligncenter size-large is-resized\"><img loading=\"lazy\" decoding=\"async\" width=\"1024\" height=\"1024\" src=\"https:\/\/buciorek.pl\/wp-content\/uploads\/2024\/02\/Kopia-50--1024x1024.png\" alt=\"\" class=\"wp-image-143\" style=\"width:316px;height:auto\" srcset=\"https:\/\/buciorek.pl\/wp-content\/uploads\/2024\/02\/Kopia-50--1024x1024.png 1024w, https:\/\/buciorek.pl\/wp-content\/uploads\/2024\/02\/Kopia-50--300x300.png 300w, https:\/\/buciorek.pl\/wp-content\/uploads\/2024\/02\/Kopia-50--150x150.png 150w, https:\/\/buciorek.pl\/wp-content\/uploads\/2024\/02\/Kopia-50--768x768.png 768w, https:\/\/buciorek.pl\/wp-content\/uploads\/2024\/02\/Kopia-50-.png 1080w\" sizes=\"auto, (max-width: 1024px) 100vw, 1024px\" \/><\/figure>\n<\/div>\n\n\n<hr class=\"wp-block-separator has-alpha-channel-opacity\"\/>\n\n\n\n<figure class=\"wp-block-image size-full is-resized is-style-rounded\"><img loading=\"lazy\" decoding=\"async\" width=\"663\" height=\"126\" src=\"https:\/\/buciorek.pl\/wp-content\/uploads\/2024\/04\/opinia.jpg7_.jpg\" alt=\"\" class=\"wp-image-191\" style=\"width:445px;height:auto\" srcset=\"https:\/\/buciorek.pl\/wp-content\/uploads\/2024\/04\/opinia.jpg7_.jpg 663w, https:\/\/buciorek.pl\/wp-content\/uploads\/2024\/04\/opinia.jpg7_-300x57.jpg 300w\" sizes=\"auto, (max-width: 663px) 100vw, 663px\" \/><\/figure>\n","protected":false},"excerpt":{"rendered":"<p>APLIKACJA BUCIOREK Pobierz nasz\u0105 aplikacj\u0119, zbieraj punkty i wymieniaj na rabaty i nagrody ! 1. Pobierz aplikacj\u0119: &nbsp; &nbsp; &#8211; App Store:&nbsp; Aplikacja BUCIOREK na&hellip;<\/p>\n","protected":false},"author":1,"featured_media":141,"parent":0,"menu_order":0,"comment_status":"closed","ping_status":"closed","template":"","meta":{"footnotes":""},"class_list":["post-125","page","type-page","status-publish","has-post-thumbnail","hentry"],"_links":{"self":[{"href":"https:\/\/buciorek.pl\/index.php\/wp-json\/wp\/v2\/pages\/125","targetHints":{"allow":["GET"]}}],"collection":[{"href":"https:\/\/buciorek.pl\/index.php\/wp-json\/wp\/v2\/pages"}],"about":[{"href":"https:\/\/buciorek.pl\/index.php\/wp-json\/wp\/v2\/types\/page"}],"author":[{"embeddable":true,"href":"https:\/\/buciorek.pl\/index.php\/wp-json\/wp\/v2\/users\/1"}],"replies":[{"embeddable":true,"href":"https:\/\/buciorek.pl\/index.php\/wp-json\/wp\/v2\/comments?post=125"}],"version-history":[{"count":7,"href":"https:\/\/buciorek.pl\/index.php\/wp-json\/wp\/v2\/pages\/125\/revisions"}],"predecessor-version":[{"id":272,"href":"https:\/\/buciorek.pl\/index.php\/wp-json\/wp\/v2\/pages\/125\/revisions\/272"}],"wp:featuredmedia":[{"embeddable":true,"href":"https:\/\/buciorek.pl\/index.php\/wp-json\/wp\/v2\/media\/141"}],"wp:attachment":[{"href":"https:\/\/buciorek.pl\/index.php\/wp-json\/wp\/v2\/media?parent=125"}],"curies":[{"name":"wp","href":"https:\/\/api.w.org\/{rel}","templated":true}]}}